 greatest common divisor of 624660 and 99180.
1740
What is the greatest common factor of 33719925 and 265?
265
What is the greatest common factor of 25358 and 236?
2
What is the highest common factor of 59 and 7450?
1
What is the highest common divisor of 936565 and 14?
7
Calculate the greatest common divisor of 915287 and 257146.
1273
What is the highest common factor of 14147484 and 92?
92
What is the greatest common divisor of 11662 and 8635662?
98
What is the highest common divisor of 946404 and 153924?
1524
What is the greatest common factor of 533351 and 35?
7
Calculate the greatest common divisor of 21883 and 512450.
277
What is the highest common divisor of 2999881 and 105463?
401
Calculate the greatest common factor of 533 and 691096.
41
What is the greatest common factor of 19 and 1955448479?
19
What is the greatest common divisor of 16 and 752813872?
16
Calculate the greatest common divisor of 14088 and 13968.
24
What is the highest common factor of 3994200 and 86100?
2100
Calculate the highest common factor of 225505 and 29155.
595
Calculate the highest common factor of 720 and 106348608.
144
Calculate the greatest common factor of 2491440 and 11060.
140
What is the highest common factor of 329442 and 48?
6
What is the greatest common divisor of 4288 and 4468544?
64
What is the highest common divisor of 26607218 and 37?
37
Calculate the highest common factor of 27508423 and 142931.
3863
What is the greatest common divisor of 993 and 2950203?
993
Calculate the highest common factor of 2636556 and 2132.
52
What is the highest common divisor of 27729753 and 3?
3
What is the greatest common factor of 4128 and 133068660?
516
What is the highest common factor of 3518235 and 8541?
657
What is the greatest common divisor of 106 and 1128727167?
53
What is the greatest common divisor of 88 and 4885892?
44
What is the greatest common divisor of 27243 and 20547?
27
What is the highest common factor of 489040690 and 10?
10
Calculate the highest common divisor of 5048549 and 1177.
11
What is the highest common divisor of 16425 and 43062335?
365
Calculate the highest common factor of 6058794 and 34933.
181
Calculate the greatest common factor of 20815347 and 147.
147
What is the highest common factor of 176621 and 1018379?
239
Calculate the greatest common factor of 11505959 and 3218.
1609
Calculate the greatest common factor of 208258050 and 62400.
1950
Calculate the highest common factor of 30432 and 4639612.
1268
What is the highest common divisor of 148413669 and 11898?
1983
Calculate the highest common divisor of 161033948 and 2.
2
What is the highest common divisor of 420109 and 2299?
19
What is the greatest common divisor of 18998425 and 2986?
1493
Calculate the greatest common factor of 1676 and 33483966.
838
Calculate the highest common divisor of 42 and 1003609404.
42
Calculate the greatest common divisor of 586509 and 28182.
231
What is the highest common factor of 924210 and 25920?
810
Calculate the greatest common factor of 70 and 9588530.
70
Calculate the highest common factor of 130414480 and 8075.
1615
Calculate the greatest common divisor of 2624875 and 15.
5
What is the highest common factor of 959 and 995797789?
959
What is the highest common divisor of 376 and 1210884?
4
What is the highest common divisor of 123856887 and 749?
749
What is the greatest common divisor of 2307042 and 75750?
606
Calculate the greatest common factor of 1098 and 562241514.
366
Calculate the highest common divisor of 22 and 1909440324.
22
Calculate the greatest common factor of 15575769 and 63.
9
Calculate the highest common factor of 3271272 and 120.
24
What is the greatest common factor of 14260 and 141805005?
3565
Calculate the greatest common divisor of 141219 and 39695.
17
What is the highest common factor of 880872 and 2448?
408
Calculate the highest common factor of 250870051 and 142.
71
What is the highest common factor of 23570534 and 442?
442
What is the greatest common divisor of 6746589 and 2349?
261
What is the highest common divisor of 99257756 and 8788?
676
What is the greatest common divisor of 1185 and 149776495?
395
What is the greatest common factor of 950 and 724300?
50
What is the greatest common factor of 57685225 and 325?
325
Calculate the highest common divisor of 1003 and 39880755.
59
What is the greatest common factor of 8325092 and 12?
4
Calculate the highest common divisor of 13899830 and 23520.
490
Calculate the highest common divisor of 19300 and 8562.
2
What is the highest common divisor of 366648 and 23876?
4
Calculate the greatest common factor of 102 and 905778.
6
What is the greatest common factor of 54190713 and 68?
17
What is the greatest common factor of 3661540 and 295?
295
What is the greatest common factor of 58953 and 32379?
129
Calculate the greatest common divisor of 16324 and 239306872.
1484
Calculate the highest common factor of 13000 and 56529200.
2600
Calculate the highest common factor of 83384 and 371938.
14
What is the greatest common divisor of 65 and 62220535?
65
What is the greatest common factor of 656 and 75811088?
16
Calculate the highest common divisor of 175684 and 6980020.
1052
Calculate the greatest common factor of 1650460 and 140.
140
What is the greatest common divisor of 66543984 and 61776?
5616
What is the highest common factor of 662508 and 1540?
308
Calculate the greatest common factor of 30 and 76157330.
10
Calculate the greatest common factor of 2400 and 87627200.
800
Calculate the highest common factor of 5566150512 and 1196.
1196
Calculate the greatest common divisor of 738 and 1635162.
246
Calculate the highest common factor of 4432 and 109864571.
277
What is the highest common factor of 1270725129 and 153?
153
Calculate the greatest common factor of 7 and 29494108.
7
Calculate the highest common divisor of 303845522 and 906.
302
What is the greatest common factor of 1802 and 11978506?
34
What is the highest common divisor of 3838051 and 1866?
311
Calculate the highest common factor of 586171 and 182069.
97
What is the greatest common factor of 2100 and 310836?
12
What is the greatest common factor of 1984 and 926776?
248
What is the highest common factor of 162 and 2979948?
6
Calculate the highest common divisor of 21402 and 221299.
29
Calculate the greatest common divisor of 5560 and 8777016.
1112
What is the highest common factor of 635766 and 206448?
2346
What is the highest common divisor of 15022 and 3885?
259
What is the highest common divisor of 687913743 and 66?
33
What is the greatest common factor of 679008 and 924?
132
What is the greatest common divisor of 17308150 and 100?
50
Calculate the highest common divisor of 1039396002 and 18.
6
Calculate the highest common factor of 741 and 3007966.
247
Calculate the greatest common factor of 195 and 12921555.
15
What is the greatest common divisor of 938735 and 525?
35
What is the highest common factor of 261551870 and 321?
107
Calculate the highest common factor of 31316223 and 618.
309
Calculate the highest common divisor of 63 and 6264495.
9
Calculate the highest common divisor of 44672 and 1015808.
128
Calculate the greatest common factor of 96782 and 423031.
1561
Calculate the highest common divisor of 280151 and 1827693.
433
What is the highest common factor of 2332 and 15600497?
583
What is the greatest common divisor of 8604279 and 432?
27
Calculate the greatest common divisor of 120537045 and 285.
285
What is the greatest common divisor of 387 and 2421?
9
Calculate the greatest common divisor of 48 and 77705392.
16
What is the highest common divisor of 3995 and 6192344?
47
Calculate the highest common divisor of 51 and 18120776.
17
Calculate the highest common factor of 3164716939 and 149.
149
Calculate the highest common factor of 76248 and 3705088.
2824
Calculate the highest common divisor of 132 and 695211.
33
What is the highest common factor of 8856810 and 837?
27
What is the highest common factor of 1065825 and 809325?
675
What is the highest common factor of 1425813046 and 14?
14
What is the greatest common factor of 1365225 and 10464?
327
What is the highest common divisor of 3186985 and 57654?
3203
What is the highest common divisor of 4018185 and 1170?
45
What is the highest common factor of 4836782